{"id":3,"date":"2023-11-23T12:34:17","date_gmt":"2023-11-23T12:34:17","guid":{"rendered":"https:\/\/utb-cert.de\/?page_id=3"},"modified":"2025-02-04T14:24:38","modified_gmt":"2025-02-04T14:24:38","slug":"privacy-policy","status":"publish","type":"page","link":"https:\/\/www.utb-cert.de\/?page_id=3","title":{"rendered":"Privacy Policy"},"content":{"rendered":"\n<h2 class=\"wp-block-heading\">Datenschutzerkl\u00e4rung f\u00fcr die Website der utb cert Michael Schulz und Partner mbB<\/h2>\n\n\n\n<p>Der Schutz Ihrer Privatsph\u00e4re ist f\u00fcr uns sehr wichtig. Nachstehend informieren wir Sie ausf\u00fchrlich \u00fcber die Verarbeitung von personenbezogenen Daten durch die utb cert Michael Schulz und Partner mbB Wandersleber Weg 9, 998867 Gotha OT Siebleben, Betreiber der folgenden Webseite https:\/\/www.utb-cert.de<br>Alle verwendeten Begriffe sind nicht geschlechterspezifisch.<\/p>\n\n\n\n<h4 class=\"wp-block-heading\">1. Verantwortlicher<\/h4>\n\n\n\n<p>F\u00fcr die Verarbeitung von personenbezogenen Daten ist datenschutzrechtlich verantwortlich:<\/p>\n\n\n\n<p>utb cert Michael Schulz und Partner mbB<br>Wandersleber Weg 9<br>99867 Gotha OT Siebeleben<br>Deutschland<\/p>\n\n\n\n<p>Tel.: +49 (0) 36 21\/73 61 16<br>E-Mail:\u00a0info@utb-cert.de<br>Website: www.utb-cert.de<\/p>\n\n\n\n<p>Zur Geltendmachung Ihrer Rechte, Meldung von Datenschutzvorf\u00e4llen sowie f\u00fcr Anregungen und Beschwerden hinsichtlich der Verarbeitung Ihrer personenbezogenen Daten sowie f\u00fcr den Widerruf Ihrer Einwilligung empfehlen wir, dass Sie sich an unsere datenschutzverantwortliche Person wenden.<\/p>\n\n\n\n<h4 class=\"wp-block-heading\">2. Anwendungsbereich<\/h4>\n\n\n\n<p>Diese Datenschutzerkl\u00e4rung gilt f\u00fcr unsere Website, die unter der Domain www.utb-cert.de erreichbar ist (\u201eWebsite\u201c). Sie gilt nicht f\u00fcr die Internet- Angebote (von uns oder dritten Dienstanbietern), auf die durch einen Link auf der Website lediglich verwiesen wird.<\/p>\n\n\n\n<h4 class=\"wp-block-heading\">3. Rechtliche Grundlagen der Datenverarbeitung<\/h4>\n\n\n\n<p>Rechtsgrundlagen nach der Datenschutzgrundverordnung (DSGVO)<\/p>\n\n\n\n<p>Nachfolgend finden Sie einen kurzen \u00dcberblick \u00fcber die Rechtgrundlagen gem\u00e4\u00df DSGVO, welche f\u00fcr EU-B\u00fcrger einschl\u00e4gig sind.<br>Es k\u00f6nnen zudem spezialgesetzliche Regelungen Ihres Wohnlandes gelten.<\/p>\n\n\n\n<p>Rechtsgrundlagen<br>\u2022 Einwilligung (Art. 6 Abs. 1 S. 1 lit. a) DSGVO) \u2013 Die betroffene Person hat ihre Einwilligung in die Verarbeitung der sie betreffenden personenbezogenen Daten f\u00fcr einen spezifischen Zweck oder mehrere bestimmte Zwecke gegeben.<br>\u2022 Vertragserf\u00fcllung und vorvertragliche Anfragen (Art. 6 Abs. 1 S. 1 lit. b) DSGVO) \u2013 Die Verarbeitung ist f\u00fcr die Erf\u00fcllung eines Vertrags, dessen Vertragspartei die betroffene Person ist, oder zur Durchf\u00fchrung vorvertraglicher Ma\u00dfnahmen erforderlich, die auf Anfrage der betroffenen Person erfolgen.<br>\u2022 Rechtliche Verpflichtung (Art. 6 Abs. 1 S. 1 lit. c) DSGVO) \u2013 Die Verarbeitung ist zur Erf\u00fcllung einer rechtlichen Verpflichtung erforderlich, der der Verantwortliche unterliegt.<br>\u2022 Berechtigte Interessen (Art. 6 Abs. 1 S. 1 lit. f) DSGVO) \u2013 Die Verarbeitung ist zur Wahrung der berechtigten Interessen des Verantwortlichen oder eines Dritten erforderlich, sofern nicht die Interessen oder Grundrechte und Grundfreiheiten der betroffenen Person, die den Schutz personenbezogener Daten erfordern, \u00fcberwiegen.<\/p>\n\n\n\n<h4 class=\"wp-block-heading\">4. Verarbeitung von personenbezogenen Daten<\/h4>\n\n\n\n<p>Der Besuch unserer Website ist grunds\u00e4tzlich ohne Angabe personenbezogener Daten m\u00f6glich. Wir erheben, verarbeiten und nutzen Ihre personenbezogenen Daten auf unserer Website wie folgt:<\/p>\n\n\n\n<h4 class=\"wp-block-heading\">4.1 Daten beim Besuch unserer Website<\/h4>\n\n\n\n<p>Bei jedem Aufruf unserer Webseiten speichert der Webserver automatisch ein sogenanntes Server-Logfile, das z.B. den Namen der aufgerufenen URL, die IP-Adresse des Users, Datum und Uhrzeit des Abrufs, den genutzten Browser, die \u00fcbertragene Datenmenge, den http-Status-Code und den anfragenden Provider (Zugriffsdaten) enth\u00e4lt und den Abruf dokumentiert.<\/p>\n\n\n\n<p>Diese Zugriffsdaten werden nur zum Zwecke der Sicherstellung eines st\u00f6rungsfreien Betriebs der Seite sowie der Verbesserung unseres Angebots ausgewertet. Dies dient der Wahrung unserer im Rahmen einer Interessensabw\u00e4gung \u00fcberwiegenden berechtigten Interessen an einer korrekten Darstellung unseres Angebots.<br>Ein Zusammenf\u00fchren mit anderen Datens\u00e4tzen des Nutzers findet hierbei nicht statt.<\/p>\n\n\n\n<h4 class=\"wp-block-heading\">4.1.1 Hostingdienstleistungen durch Drittanbieter<\/h4>\n\n\n\n<p>Im Rahmen einer Verarbeitung in unserem Auftrag erbringen Drittanbieter f\u00fcr uns die Dienste zum Hosting und zur Darstellung der Webseiten. Dies dient der Wahrung unserer im Rahmen einer Interessensabw\u00e4gung \u00fcberwiegenden berechtigten Interessen an einer korrekten Darstellung unserer Angebote und Dienstleistungen. Hierbei werden Nutzungsdaten (z.B. besuchte Webseiten, Interesse an Inhalten, Zugriffszeiten); Meta-, Kommunikations- und Verfahrensdaten (z. B. IP-Adressen, Zeitangaben, Identifikationsnummern, Einwilligungsstatus). Inhaltsdaten (z.B. Eingaben in Onlineformularen) von Nutzern (z.B. Webseitenbesucher, Nutzer von Onlinediensten) zum Zweck der Bereitstellung unseres Onlineangebotes und Nutzerfreundlichkeit; Informationstechnische Infrastruktur (Betrieb und Bereitstellung von Informationssystemen und technischen Ger\u00e4ten (Computer, Server etc.)). Sicherheitsma\u00dfnahmen verarbeitet. Die rechtliche Grundlage der Verarbeitung liegt in unserem \u00fcberwiegenden berechtigten Interesse.<br>4.1.2 Datenl\u00f6schung und Speicherdauer<\/p>\n\n\n\n<p>Ihre personenbezogenen Daten werden gel\u00f6scht oder gesperrt, sobald der Zweck der Speicherung entf\u00e4llt. Bitte beachten Sie, dass wir aufgrund von gesetzlichen Aufbewahrungsfristen verpflichtet sein k\u00f6nnen, bestimmte Daten f\u00fcr die Dauer des gesetzlich vorgegebenen Zeitraums zu speichern. Eine Sperrung oder L\u00f6schung der Daten erfolgt auch dann, wenn eine durch die genannten Normen vorgeschriebene Speicherfrist abl\u00e4uft, es sei denn, dass eine Erforderlichkeit zur weiteren Speicherung der Daten f\u00fcr einen Vertragsabschluss oder eine Vertragserf\u00fcllung besteht.<\/p>\n\n\n\n<h4 class=\"wp-block-heading\">4.2. Ihre Kontaktaufnahme per E-Mail<\/h4>\n\n\n\n<p>Sofern Sie mit uns (z.B. per E-Mail) Kontakt aufnehmen, werden Ihre personenbezogenen Daten, die Sie uns in der E-Mail mitteilen, von uns gespeichert und verarbeitet. Diese Daten werden ausschlie\u00dflich f\u00fcr die Beantwortung Ihres Anliegens bzw. f\u00fcr die Kontaktaufnahme und die damit verbundene technische Administration gespeichert und verwendet. Die Verarbeitung dieser Daten erfolgt zur Erf\u00fcllung eines Vertrags oder vorvertraglicher Ma\u00dfnahmen bzw. die Bearbeitung liegt auch in unserem berechtigten Interesse, ohne dass insoweit entgegenstehende Interessen von Ihnen \u00fcberwiegen, da die Bearbeitung dieser Anfragen im beiderseitigen Interesse ist Nach Beendigung der Bearbeitung der Anfrage bewahren wir die Korrespondenz noch weitere drei Jahre ab dem Schluss des Kalenderjahres, in dem die Beendigung erfolgt, auf. Danach l\u00f6schen wir Ihre Daten bzw. bewahren diese nur noch insoweit auf, als gesetzliche, satzungsm\u00e4\u00dfige oder vertragliche Aufbewahrungsfristen bestehen oder eine weitergehende Speicherung zur Geltendmachung, Aus\u00fcbung oder Verteidigung von Rechtsanspr\u00fcchen erforderlich ist.<\/p>\n\n\n\n<h4 class=\"wp-block-heading\">5. Daten\u00fcbermittlung \/ Datenweitergabe an Dritte<\/h4>\n\n\n\n<p>Wir geben grunds\u00e4tzlich keine personenbezogenen Daten an Dritte weiter, es sei denn, dies ist zur Vertragserf\u00fcllung erforderlich (beispielsweise \u00dcbermittlung der Adressdaten an das Versandunternehmen bei Bestellungen), sonst aufgrund einschl\u00e4giger gesetzlicher Bestimmungen zul\u00e4ssig oder Sie haben Ihre Einwilligung erteilt.<\/p>\n\n\n\n<p>Zu den Empf\u00e4ngern dieser Daten k\u00f6nnen unter anderem auch mit IT-Aufgaben beauftragte Dienstleister oder Anbieter von Diensten und Inhalten, die in eine Webseite eingebunden werden, geh\u00f6ren. In solchen F\u00e4llen beachten wir die gesetzlichen Vorgaben und schlie\u00dfen insbesondere entsprechende Vertr\u00e4ge bzw. Vereinbarungen, die dem Schutz Ihrer Daten dienen, mit den Empf\u00e4ngern Ihrer Daten ab.<br>Internationale Datentransfers<br>Gem\u00e4\u00df DSGVO k\u00f6nnen Ausnahmen f\u00fcr die Bekanntgabe von Daten ins Ausland zugelassen werden, wenn bestimmte Bedingungen erf\u00fcllt sind, einschlie\u00dflich der Einwilligung der betroffenen Person, Vertragsabwicklung, \u00f6ffentliches Interesse, Schutz von Leben oder k\u00f6rperlicher Unversehrtheit, \u00f6ffentlich gemachte Daten oder Daten aus einem gesetzlich vorgesehenen Register. Diese Bekanntgaben erfolgen stets im Einklang mit den gesetzlichen Anforderungen.<br>Gem\u00e4\u00df DSGVO geben wir personenbezogene Daten nur dann ins Ausland bekannt, wenn ein angemessener Schutz der betroffenen Personen gew\u00e4hrleistet ist. Sofern der Bundesrat keinen angemessenen Schutz feststellt, ergreifen wir alternative Sicherheitsma\u00dfnahmen. Diese k\u00f6nnen internationale Vertr\u00e4ge, spezifische Garantien, Datenschutzklauseln in Vertr\u00e4gen, von der EU genehmigte Standarddatenschutzklauseln oder einer zust\u00e4ndigen Datenschutzbeh\u00f6rde eines anderen Landes vorab anerkannte unternehmensinterne Datenschutzvorschriften umfassen.<br>Sofern wir Daten von EU-B\u00fcrgern in einem nach der Definition der DSGVO zu Drittland (d.h. f\u00fcr EU B\u00fcrger- au\u00dferhalb der Europ\u00e4ischen Union (EU), des Europ\u00e4ischen Wirtschaftsraums (EWR)) verarbeiten oder die Verarbeitung im Rahmen der Inanspruchnahme von Diensten Dritter oder der Offenlegung bzw. \u00dcbermittlung von Daten an andere Personen, Stellen oder Unternehmen stattfindet, erfolgt dies nur im Einklang mit den gesetzlichen Vorgaben.<br>Vorbehaltlich Ihr ausdr\u00fccklicher Einwilligung oder vertraglich oder gesetzlich erforderlicher \u00dcbermittlungen (vgl. Art. 49 DSGVO) lassen wir die Daten nur in Drittl\u00e4ndern mit einem anerkannten Datenschutzniveau (Art. 45 DSGVO), beim Vorliegen und Einhaltung vertraglichen Verpflichtung durch sogenannte Standardschutzklauseln der EU-Kommission (Art. 46 DSGVO) oder beim Vorliegen von Zertifizierungen oder verbindlicher internen Datenschutzvorschriften (s. Art. 44 bis 49 DSGVO, Informationsseite der EU-Kommission: https:\/\/ec.europa.eu\/info\/law\/law-topic\/data-protection\/international-dimension-data-protection_de) verarbeiten.<br>Die . EU-US Trans-Atlantic Data Privacy Framework: I Die EU-Kommission hat das Datenschutzniveau f\u00fcr bestimmte Unternehmen aus den USA im Rahmen der Angemessenheitsbeschlusses als sicher anerkannt. Die Liste der zertifizierten Unternehmen als auch weitere Informationen zu dem DPF k\u00f6nnen Sie der Webseite des Handelsministeriums der USA unter https:\/\/www.dataprivacyframework.gov\/ (in Englisch) entnehmen.<br>Bitte beachten Sie, dass Ihre Daten zur Vertragsdurchf\u00fchrung (z. B. wenn Sie \u00fcber die Website eine Bestellung aufgeben) oder um unsere genannten berechtigten Gesch\u00e4ftsinteressen zu verfolgen, au\u00dferhalb von Europa, einschlie\u00dflich Kanada und den Vereinigten Staaten, \u00fcbertragen und verarbeitet werden.<\/p>\n\n\n\n<h4 class=\"wp-block-heading\">6. Cookies und \u00e4hnliche Technologien<\/h4>\n\n\n\n<p>Einsatz von Cookies<\/p>\n\n\n\n<p>Um den Besuch unserer Websites attraktiv zu gestalten und die Nutzung bestimmter Funktionen zu erm\u00f6glichen, um passende Produkte anzuzeigen oder zur Marktforschung verwenden wir auf verschiedenen Seiten sogenannte Cookies. Dies dient der Wahrung unserer im Rahmen einer Interessensabw\u00e4gung \u00fcberwiegenden berechtigten Interessen an einer optimierten Darstellung unseres Angebots.<br>Cookies sind kleine Textdateien, die automatisch auf Ihrem Endger\u00e4t gespeichert werden. Einige der von uns verwendeten Cookies werden nach Ende der Browser-Sitzung, also nach Schlie\u00dfen Ihres Browsers, wieder gel\u00f6scht (sog. Session-Cookies). Andere Cookies verbleiben auf dem Ger\u00e4t des Users und erm\u00f6glichen uns, den Browser beim n\u00e4chsten Besuch wiederzuerkennen (persistente Cookies).<br>Die Dauer der Speicherung, Art der Cookies usw. k\u00f6nnen Sie den Cookie- Einstellungen Ihres Webbrowsers entnehmen.<br>Mit der Nutzung unserer Webseiten werden technisch notwendige Cookies ben\u00f6tigt, welche Sie nicht abw\u00e4hlen k\u00f6nnen. Der Nutzung aller weiteren Cookies k\u00f6nnen Sie Ihre Einwilligung geben. Diese Einwilligung k\u00f6nnen Sie jederzeit widerrufen, indem Sie in der Browservoreinstellung die Annahme von Cookies ausschlie\u00dfen und bereits gesetzte Cookies l\u00f6schen.<\/p>\n\n\n\n<p>Bei der Nichtannahme von Cookies kann die Funktionalit\u00e4t unserer Website jedoch eingeschr\u00e4nkt sein. Sie k\u00f6nnen Ihren Browser auch so einstellen, dass Sie \u00fcber das Setzen von Cookies informiert werden und einzeln \u00fcber deren Annahme entscheiden oder die Annahme von Cookies f\u00fcr bestimmte F\u00e4lle oder bestimmte Websites generell ausschlie\u00dfen.<br>Jeder Browser unterscheidet sich in der Art, wie er die Cookie-Einstellungen verwaltet. Weitere Informationen zu Cookies und deren Annahme oder Ablehnung finden sich unter folgenden Links der einschl\u00e4gigen Browser-Anbieter:<\/p>\n\n\n\n<p>\u2022 Internet Explorer\u2122: http:\/\/windows.microsoft.com\/de-DE\/windows-vista\/Block-or- allow-cookies<br>\u2022 Safari\u2122: https:\/\/support.apple.com\/kb\/ph21411?locale=de_DE<br>\u2022 Chrome\u2122: http:\/\/support.google.com\/chrome\/bin\/answer.py?hl=de&amp;hlrm=en&amp;answer=95647<br>\u2022 Firefox\u2122: https:\/\/support.mozilla.org\/de\/kb\/cookies-erlauben-und-ablehnen<br>\u2022 Opera\u2122: http:\/\/help.opera.com\/Windows\/10.20\/de\/cookies.html<\/p>\n\n\n\n<p>Ein Widerspruch gegen die Verwendung von Cookies zu Online-Marketing-Zwecken kann auch \u00fcber die Websites Cookie-Richtlinie (EU) | UTB Cert erkl\u00e4rt werden.<\/p>\n\n\n\n<p>Beim Einsatz der Cookies kann gegebenenfalls eine \u00dcbermittlung Ihrer Daten an Empf\u00e4nger au\u00dferhalb des EWR, in denen kein angemessenes Datenschutzniveau gem\u00e4\u00df DSGVO existiert, erfolgen.<\/p>\n\n\n\n<p>Wir setzen ein Verfahren zum Cookie-Einwilligungs-Management ein, in dessen Rahmen die Einwilligungen der Nutzer in den Einsatz von Cookies und \u00e4hnlichen Technologien, bzw. der im Rahmen des Cookie-Einwilligungs-Management-Verfahrens genannten Verarbeitungen und Anbieter eingeholt, sowie von den Nutzern verwaltet und widerrufen werden k\u00f6nnen. Hierbei wird die Einwilligungserkl\u00e4rung gespeichert, um deren Abfrage nicht erneut wiederholen zu m\u00fcssen und die Einwilligung entsprechend der gesetzlichen Verpflichtung nachweisen zu k\u00f6nnen. Die Speicherung kann serverseitig und\/oder in einem Cookie (sogenanntes Opt-In-Cookie, bzw. mithilfe vergleichbarer Technologien) erfolgen, um die Einwilligung einem Nutzer, bzw. dessen Ger\u00e4t zuordnen zu k\u00f6nnen. Vorbehaltlich individueller Angaben zu den Anbietern von Cookie-Management-Diensten, gelten die folgenden Hinweise: Die Dauer der Speicherung der Einwilligung kann bis zu zwei Jahren betragen. Hierbei wird ein pseudonymer Nutzer-Identifikator gebildet und mit dem Zeitpunkt der Einwilligung, Angaben zur Reichweite der Einwilligung (z. B. welche Kategorien von Cookies und\/oder Diensteanbieter) sowie dem Browser, System und verwendeten Endger\u00e4t gespeichert.<br>\u2022 DO NOT TRACK: Wir weisen Sie darauf hin, dass wir die Datenerfassungs- und -nutzungsverfahren unserer Website nicht \u00e4ndern, wenn wir von Ihrem Browser ein \u201eDo Not Track\u201c-Signal erhalten<\/p>\n\n\n\n<h4 class=\"wp-block-heading\">7. Weitere eingesetzte Anwendungen<\/h4>\n\n\n\n<h4 class=\"wp-block-heading\">7.1 Google Fonts<\/h4>\n\n\n\n<p>Wir verwenden Google Fonts von Google Ireland Limited, Gordon House, Barrow Street, Dublin 4, Irland, als Dienst zur Bereitstellung von Schriftarten f\u00fcr unser Onlineangebot. Um diese Schriftarten zu beziehen, stellen Sie eine Verbindung zu Servern von Google Ireland Limited her, wobei Ihre IP-Adresse \u00fcbertragen wird. Die Nutzung von Google Fonts erfolgt auf Grundlage unserer Interessenabw\u00e4gung bzw. unseren berechtigten Interessen, d.h. Interesse an einer einheitlichen Bereitstellung sowie der Optimierung unseres Onlineangebotes. Die konkrete Speicherdauer der verarbeiteten Daten ist nicht durch uns beeinflussbar, sondern wird von Google Ireland Limited bestimmt. Weitere Hinweise finden Sie in der Datenschutzerkl\u00e4rung f\u00fcr Google Fonts: https:\/\/policies.google.com\/privacy.<\/p>\n\n\n\n<h4 class=\"wp-block-heading\">8. Recht von Betroffenen<\/h4>\n\n\n\n<p>Als EU-B\u00fcrger stehen als Ihnen als Betroffene nach der DSGVO verschiedene Rechte zu, die sich insbesondere aus Art. 15 bis 21 DSGVO ergeben:<br>\u2022 Widerspruchsrecht: Sie haben das Recht, aus Gr\u00fcnden, die sich aus Ihrer besonderen Situation ergeben, jederzeit gegen die Verarbeitung der Sie betreffenden personenbezogenen Daten, die aufgrund von Art. 6 Abs. 1 lit. e oder f DSGVO erfolgt, Widerspruch einzulegen; dies gilt auch f\u00fcr ein auf diese Bestimmungen gest\u00fctztes Profiling. Werden die Sie betreffenden personenbezogenen Daten verarbeitet, um Direktwerbung zu betreiben, haben Sie das Recht, jederzeit Widerspruch gegen die Verarbeitung der Sie betreffenden personenbezogenen Daten zum Zwecke derartiger Werbung einzulegen; dies gilt auch f\u00fcr das Profiling, soweit es mit solcher Direktwerbung in Verbindung steht.<br>\u2022 Widerrufsrecht bei Einwilligungen: Sie haben das Recht, erteilte Einwilligungen jederzeit zu widerrufen.<br>\u2022 Auskunftsrecht: Sie haben das Recht, eine Best\u00e4tigung dar\u00fcber zu verlangen, ob betreffende Daten verarbeitet werden und auf Auskunft \u00fcber diese Daten sowie auf weitere Informationen und Kopie der Daten entsprechend den gesetzlichen Vorgaben.<br>\u2022 Recht auf Berichtigung: Sie haben entsprechend den gesetzlichen Vorgaben das Recht, die Vervollst\u00e4ndigung der Sie betreffenden Daten oder die Berichtigung der Sie betreffenden unrichtigen Daten zu verlangen.<br>\u2022 Recht auf L\u00f6schung und Einschr\u00e4nkung der Verarbeitung: Sie haben nach Ma\u00dfgabe der gesetzlichen Vorgaben das Recht, zu verlangen, dass Sie betreffende Daten unverz\u00fcglich gel\u00f6scht werden, bzw. alternativ nach Ma\u00dfgabe der gesetzlichen Vorgaben eine Einschr\u00e4nkung der Verarbeitung der Daten zu verlangen.<br>\u2022 Recht auf Daten\u00fcbertragbarkeit: Sie haben das Recht, Sie betreffende Daten, die Sie uns bereitgestellt haben, nach Ma\u00dfgabe der gesetzlichen Vorgaben in einem strukturierten, g\u00e4ngigen und maschinenlesbaren Format zu erhalten oder deren \u00dcbermittlung an einen anderen Verantwortlichen zu fordern.<br>\u2022 Beschwerde bei Aufsichtsbeh\u00f6rde: Sie haben unbeschadet eines anderweitigen verwaltungsrechtlichen oder gerichtlichen Rechtsbehelfs das Recht auf Beschwerde bei einer Aufsichtsbeh\u00f6rde, insbesondere in dem Mitgliedstaat ihres gew\u00f6hnlichen Aufenthaltsorts, ihres Arbeitsplatzes oder des Orts des mutma\u00dflichen Versto\u00dfes, wenn Sie der Ansicht sind, dass die Verarbeitung der Sie betreffenden personenbezogenen Daten gegen die Vorgaben der DSGVO verst\u00f6\u00dft.<br>Sie k\u00f6nnen Ihre Beschwerde ebenso an die Datenschutz-Aufsichtsbeh\u00f6rde in Ihrem Bundesland richten.<\/p>\n\n\n\n<h4 class=\"wp-block-heading\">9. Aufbewahrungsdauer und L\u00f6schung<\/h4>\n\n\n\n<p>Wir behalten personenbezogene Daten so lange auf, wie die betroffene Person uns daf\u00fcr ihre Einwilligung gibt, es f\u00fcr die Abwicklung der entsprechenden Rechtsbeziehung erforderlich und\/oder es gesetzlich geboten ist. Danach werden die personenbezogenen Daten technisch bestm\u00f6glich und ad\u00e4quat gel\u00f6scht.<\/p>\n\n\n\n<p>Nach vollst\u00e4ndiger Abwicklung des Vertrages oder L\u00f6schung eines Accounts werden die damit zusammenh\u00e4ngenden Daten f\u00fcr die weitere Verarbeitung eingeschr\u00e4nkt und nach Ablauf der steuer- und handelsrechtlichen Aufbewahrungsfristen gel\u00f6scht, sofern Sie nicht ausdr\u00fccklich in eine weitere Nutzung Ihrer Daten eingewilligt haben oder wir uns eine dar\u00fcber hinausgehende Datenverwendung vorbehalten, die gesetzlich erlaubt ist und \u00fcber die wir Sie in dieser Erkl\u00e4rung informieren. Die L\u00f6schung Ihres Accounts ist jederzeit m\u00f6glich und kann entweder durch eine Nachricht an die im Impressum beschriebene Kontaktm\u00f6glichkeit oder \u00fcber eine daf\u00fcr vorgesehene Funktion im Account erfolgen.<\/p>\n\n\n\n<h4 class=\"wp-block-heading\">10. Sicherheitsma\u00dfnahmen<\/h4>\n\n\n\n<p>Wir treffen nach Ma\u00dfgabe der gesetzlichen Vorgaben unter Ber\u00fccksichtigung des Stands der Technik, der Implementierungskosten und der Art, des Umfangs, der Umst\u00e4nde und der Zwecke der Verarbeitung sowie der unterschiedlichen Eintrittswahrscheinlichkeiten und des Ausma\u00dfes der Bedrohung der Rechte und Freiheiten nat\u00fcrlicher Personen geeignete technische und organisatorische Ma\u00dfnahmen, um ein dem Risiko angemessenes Schutzniveau zu gew\u00e4hrleisten.<br>Zu den Ma\u00dfnahmen geh\u00f6ren insbesondere die Sicherung der Vertraulichkeit, Integrit\u00e4t und Verf\u00fcgbarkeit von Daten durch Kontrolle des physischen und elektronischen Zugangs zu den Daten als auch des sie betreffenden Zugriffs, der Eingabe, der Weitergabe, der Sicherung der Verf\u00fcgbarkeit und ihrer Trennung. Des Weiteren haben wir Verfahren eingerichtet, die eine Wahrnehmung von Betroffenenrechten, die L\u00f6schung von Daten und Reaktionen auf die Gef\u00e4hrdung der Daten gew\u00e4hrleisten. Ferner ber\u00fccksichtigen wir den Schutz personenbezogener Daten bereits bei der Entwicklung bzw. Auswahl von Hardware, Software sowie Verfahren entsprechend dem Prinzip des Datenschutzes, durch Technikgestaltung und durch datenschutzfreundliche Voreinstellungen.<\/p>\n\n\n\n<h4 class=\"wp-block-heading\">11. \u00c4nderungen dieser Datenschutzerkl\u00e4rung<\/h4>\n\n\n\n<p>Soweit gesetzlich und\/oder tats\u00e4chlich notwendig, wird diese Datenschutzerkl\u00e4rung angepasst bzw. ge\u00e4ndert.<\/p>\n\n\n\n<p>Gotha, letztmals aktualisiert am 04.02.2025<\/p>\n","protected":false},"excerpt":{"rendered":"<p>Datenschutzerkl\u00e4rung f\u00fcr die Website der utb cert Michael Schulz und Partner mbB Der Schutz Ihrer Privatsph\u00e4re ist f\u00fcr uns sehr wichtig. Nachstehend informieren wir Sie ausf\u00fchrlich \u00fcber die Verarbeitung von personenbezogenen Daten durch die utb cert Michael Schulz und Partner mbB Wandersleber Weg 9, 998867 Gotha OT Siebleben, Betreiber der folgenden Webseite https:\/\/www.utb-cert.deAlle verwendeten Begriffe sind nicht geschlechterspezifisch. 1. Verantwortlicher [&hellip;]<\/p>\n","protected":false},"author":1,"featured_media":0,"parent":0,"menu_order":6,"comment_status":"closed","ping_status":"closed","template":"home-panels.php","meta":{"footnotes":""},"class_list":["post-3","page","type-page","status-publish","hentry","post"],"_links":{"self":[{"href":"https:\/\/www.utb-cert.de\/index.php?rest_route=\/wp\/v2\/pages\/3","targetHints":{"allow":["GET"]}}],"collection":[{"href":"https:\/\/www.utb-cert.de\/index.php?rest_route=\/wp\/v2\/pages"}],"about":[{"href":"https:\/\/www.utb-cert.de\/index.php?rest_route=\/wp\/v2\/types\/page"}],"author":[{"embeddable":true,"href":"https:\/\/www.utb-cert.de\/index.php?rest_route=\/wp\/v2\/users\/1"}],"replies":[{"embeddable":true,"href":"https:\/\/www.utb-cert.de\/index.php?rest_route=%2Fwp%2Fv2%2Fcomments&post=3"}],"version-history":[{"count":1,"href":"https:\/\/www.utb-cert.de\/index.php?rest_route=\/wp\/v2\/pages\/3\/revisions"}],"predecessor-version":[{"id":102,"href":"https:\/\/www.utb-cert.de\/index.php?rest_route=\/wp\/v2\/pages\/3\/revisions\/102"}],"wp:attachment":[{"href":"https:\/\/www.utb-cert.de\/index.php?rest_route=%2Fwp%2Fv2%2Fmedia&parent=3"}],"curies":[{"name":"wp","href":"https:\/\/api.w.org\/{rel}","templated":true}]}}